 + 0. Determine x(4).
5
Let q = 11 - 8. Let b(s) = -13*s**3 + s + 5*s**q - 6*s**3. Determine b(-1).
13
Suppose -3*m = -6*m + 3. Let h = -9 + 15. Let p = m - h. Let o(d) = -d**3 - 5*d**2 + 2*d + 4. What is o(p)?
-6
Suppose -6*p + 20 = -2*p. Let t(l) = 5*l**2 + l + 1. Let q be t(-1). Let h(w) = -w**3 + 2*w**3 - 2*w - q*w**2 + 3*w - 2. Determine h(p).
3
Let q(m) be the second derivative of m**6/120 + m**5/15 - m**4/12 - 5*m**3/6 + m**2/2 + 6*m. Let n(s) be the first derivative of q(s). Give n(-4).
3
Let v(y) = y**3 - 7*y**2 - 2*y + 5. Let c = 162 - 155. What is v(c)?
-9
Let y(q) be the first derivative of -q**4/8 - q**3 - 2*q**2 - 7. Let x(u) be the second derivative of y(u). Determine x(-5).
9
Let f(c) = 3 + 3 + 0 - 4 - c. Let i(d) = d + 5. Let w be i(-3). Suppose -w*z + y = -4, y = z - 3*z + 4. What is f(z)?
0
Let w(q) = -2*q + 9. Let y(z) = -z + 9. Let l(h) = 2*w(h) - 3*y(h). Calculate l(-6).
-3
Let r(w) = 19*w**3 - 18*w**3 - 7 + 6 - 3*w**2 + 2*w. Let t = -2 - -5. Let m = t - 1. Calculate r(m).
-1
Let l(k) be the second derivative of -7*k**4/12 + k**3/6 + 2*k - 26. What is l(1)?
-6
Suppose -5 = -2*u - 1. Let p be (6/3)/(u/(-3)). Let r(j) = j**2 + j - 4. Determine r(p).
2
Let h(k) = k**2 + 3*k - 7. Let y be (-43)/9 - 14/63. Determine h(y).
3
Let l(s) be the first derivative of s**3/3 - 5*s**2/2 + 4*s - 21. Determine l(3).
-2
Let y(i) = -i**3 + 5*i**2 + 8*i - 6. Let t be (-10)/2*(-90)/75. Let f be y(t). Let g(d) = -d**3 + 7*d**2 - 7*d + 4. What is g(f)?
-2
Let s(m) be the third derivative of m**5/60 + 5*m**4/24 + m**3/2 - 11*m**2. Calculate s(-4).
-1
Suppose -d - 3*a = -4, -5*d - 4 = 5*a - 14. Let b(h) = -h**3 - h + 1. What is b(d)?
-1
Let a(n) be the second derivative of -n**5/20 - 5*n**4/12 - n**3/2 + 5*n**2/2 + 3*n. Calculate a(-4).
1
Let c(x) be the first derivative of -x**2/2 - 6*x - 4. Give c(-5).
-1
Let u(l) be the first derivative of l**2/2 + l + 78. Let t(n) = n**2 + 4*n + 2. Let w(x) = -x**2 - 4*x - 3. Let b be w(-4). Let v be t(b). What is u(v)?
0
Let l(p) = p**3 - 9*p**2 - 1. Let r be l(9). Let w(z) = 3*z**3 + z**2. Give w(r).
-2
Suppose 6*t + 11 + 7 = 0. Let f(d) = -d**3 - 3*d**2 + d + 4. Calculate f(t).
1
Let w be (-6)/(-24) + (-54)/(-8). Let v(y) = -y**2 + 8*y - 9. Determine v(w).
-2
Let w be 10/15*(-30)/(-4). Let q(j) = -2 + 2*j**2 - 4*j**2 + w*j**2. Let c(g) = g - 7. Let o be c(5). What is q(o)?
10
Let v(n) = 0*n + 6*n**2 - 5*n**2 + 2*n. What is v(-4)?
8
Let c(k) = k**3 - 2*k + 1. Let g(r) = 1. Let o(w) = c(w) - 3*g(w). Determine o(-2).
-6
Let x(o) = -o**2 + 5*o - 3. Suppose 2*c = -5*s + 16, 4*s = 2*s - 3*c + 2. What is x(s)?
1
Let w be (-4)/8*(-9 - 1). Let a(m) = -m + 12. Give a(w).
7
Let b = 4 - 6. Let a(v) be the third derivative of v**8/6720 + v**7/1260 - v**5/120 + v**4/4 + 7*v**2. Let c(o) be the second derivative of a(o). Give c(b).
-1
Let i be (1/(-2))/((-3)/6). Let u be 1/(-1*i/(-7)). Let s(m) = 3*m**2 - 5 - m + u*m + m**3 - 2*m**3. What is s(4)?
3
Suppose -2*b + 0*b + 2*f = 0, 2*f + 25 = -3*b. Let r(n) = -2*n - 4. What is r(b)?
6
Let d = 5 + -5. Let y = d - -5. Let v(b) = -5*b**3 + 7*b - 5. Let r(z) = 9*z**3 + z**2 - 14*z + 10. Let x(g) = -6*r(g) - 11*v(g). Determine x(y).
5
Let d(l) = -2*l + 13. Let u(k) = -k + 1. Let x(i) = -d(i) + 4*u(i). What is x(-6)?
3
Suppose 3*y - 2 - 4 = 0. Let g(r) = -2*r - y + 4 + 4*r + r. Let w(u) = -u + 3. Let s be w(7). Give g(s).
-10
Let r = -2 - -4. Let p(z) = 2*z**3 - r*z**3 - z - 2*z**3 + 1 - z**2. Determine p(1).
-3
Let v(i) = 5*i - i + 91 - i**2 + 0*i**2 - 90. Let q = -9 + 16. Let b(u) = u - 5. Let f be b(q). Determine v(f).
5
Let v = 4 - -2. Let k = 2 + 9. Let l(y) = -y**2 - 5 - 4*y + k*y - 4. Determine l(v).
-3
Suppose -9 = -q - 7. Let n be 187/66 - q/(-12). Let o(a) = -a + 5. Determine o(n).
2
Let i(d) = -23 - 26 + 49 + 4*d. What is i(-2)?
-8
Let w(p) be the third derivative of p**5/60 - p**4/3 - p**3/2 + 19*p**2. Give w(7).
-10
Let m be (0/(-5))/(2/(-2)). Let j(k) = -k**2 + 2*k - 1 + m*k**2 + 3*k**3 - 7*k**3. Calculate j(1).
-4
Suppose -u - 2 - 2 = 0. Let b(s) be the first derivative of s**3/3 + 3*s**2 + 18. What is b(u)?
-8
Let p(c) = -1 - 2*c + c**2 - 2*c**3 + 3*c**2 + 0. Let r(h) = 3*h**3 - 1. Suppose 4 = 5*g - g. Let d be r(g). Determine p(d).
-5
Suppose -3*o = -o - 2. Suppose -4*f - o = 7. Let y be ((-12)/9)/(f/3). Let a(x) = -2*x**2 + 2*x - 1. Determine a(y).
-5
Let y(j) = -j**3 - 6*j**2 - 6*j - 4. Let t(n) = -3*n**2 - 4. Let z(f) = -4*f**2 - f - 5. Let g(q) = -5*t(q) + 4*z(q). Let o be g(-5). What is y(o)?
1
Let y(v) be the third derivative of -v**5/60 + v**3/6 - 18*v**2. Give y(2).
-3
Let n(w) = -w. Let p be n(-9). Let v be (6 + p/(-3))*-1. Let y(t) = -t**2 - t - 2. What is y(v)?
-8
Let k(v) = v**2 - 2*v**2 + 1 + 2*v - v**2. Let g(t) = t - 7. Let l be g(10). Suppose 0 = -c, -c + 4 = -l*h + 1. Give k(h).
-3
Let t(o) = -4 - 2 + 3*o + 2 - 4*o. Give t(-6).
2
Let q be 9/(-3) - -8 - 3. Let p be 1 + 0 + (-2)/(-2). Let c(u) = 0*u**p - u**q - u + 2 + 0*u. Determine c(2).
-4
Let c(s) be the third derivative of s**7/840 + s**6/360 - s**4/24 + s**3/2 - s**2. Let l(m) be the first derivative of c(m). Give l(-2).
-5
Let d(u) = 2*u**2 + 2*u. Suppose 3*h + 1 = -2*y - 3, -5*h - 5*y = 5. Determine d(h).
4
Let x(o) = 8*o - 1. Suppose 6*w + 4 = -2. Determine x(w).
-9
Let i(w) = w - 8. Suppose 8*l - 36 = 5*l. Let f be -2 + l/(0 + 2). Determine i(f).
-4
Let o(w) = w**2 + 5*w + 4. Let m be 32/8 - 4/2. Let k be ((-4)/(-6))/((-4)/(-6)). Suppose 0*j + k = j - 5*x, -2*j - m*x - 10 = 0. Give o(j).
0
Let v(p) = p**2 + 14*p - 6 - 2*p - 5*p - 3*p. Calculate v(-5).
-1
Let x(d) = 19*d + 4. Let v(o) = -13*o - 3. Let c(k) = 7*v(k) + 5*x(k). Let b be c(-1). Let p(j) = j**3 + 4*j**2 - 5*j + 4. Give p(b).
4
Let k(g) be the third derivative of -g**6/120 + 7*g**5/60 + g**4/24 - 7*g**3/6 + 49*g**2. Give k(7).
0
Let v be (-1)/(0 + (-3)/6). Let u(i) = i**v - 5*i - 1 + 6*i + 1. Calculate u(1).
2
Let n(y) = -y**3 - 8*y**2 - 7*y - 3. Let p(z) = z**3 + 9*z**2 + 11*z + 17. Let g be p(-8). Determine n(g).
-3
Let o(x) = 30*x - 7 - 3*x - 11*x - 7*x - x**2. Give o(6).
11
Let g(q) = -q**3 - 3*q**2 - 2*q - 4. Let u(m) be the first derivative of m**2/2 + m - 7. Let c(j) = -g(j) - 6*u(j). Determine c(-3).
10
Suppose -3 = -5*w + 2*w. Let i = -1 - 1. Let g = i - w. Let s(u) = 2*u**2 + 3*u. What is s(g)?
9
Let l(x) = -x**3 - 4*x**2 + 6*x + 3. Let k be l(-5). Let v be 1/k - 2/(-4). Let d(j) be the third derivative of j**4/24 - 5*j**3/6 - j**2. Determine d(v).
-5
Let k = 0 + 6. Let o(g) = 3*g + 3*g - k*g + 1 + 3*g. Give o(-3).
-8
Suppose -5*i = -0 - 20. Let s(j) be the first derivative of j**2/2 - 3*j - 1. Give s(i).
1
Let x(q) = -q. Let d(w) be the first derivative of w**3/3 - 8*w**2 - 18*w - 4. Let c be d(17). What is x(c)?
1
Let z(y) be the third derivative of 4*y**2 - 1/8*y**4 - 1/120*y**6 - y**3 - 1/12*y**5 + 0 + 0*y. Determine z(-5).
9
Suppose 5 = 6*i - i, 0 = 4*q + 2*i - 10. Let v(u) be the first derivative of 1/2*u**q - 2 + 2*u. Determine v(3).
5
Let h(i) be the second derivative of i**5/20 + i**4/4 - 2*i**3/3 + i**2/2 + i. Suppose 56 = -6*v - 8*v. What is h(v)?
1
Let d(p) = 2*p + 5. Suppose -3*n - 2*c = -11, 5*n = -0*c - c + 16. Let a(y) = 2 + 12*y - 15*y - 11. Let g(w) = n*a(w) + 5*d(w). What is g(2)?
0
Let v = 4 - -1. Let d = -1 + v. Let q(h) = -6 - 2*h + h**2 + 0*h**2 + 1. Give q(d).
3
Let k(l) = -5*l**2 + 11*l. Let g(x) = 4*x**2 - 10*x. Let p(n) = 6*g(n) + 5*k(n). Suppose 5*i + 7 = -23. Determine p(i).
-6
Let d = -118 + 116. Let x(z) = -z - 3. What is x(d)?
-1
Let k(y) = 4*y - 1. Let d(n) = n + 1. Let h = -3 + 1. Let o be d(h). What is k(o)?
-5
Let f(b) be the second derivative of -b**4/12 - 9*b**2/2 + b. Let q(m) = m**2 + 5*m + 6. Let o be q(-3). Give f(o).
-9
Let d(y) be the first derivative of -y**5/60 - 5*y**4/24 - 5*y**3/6 - 2*y**2 + 7. Let z(a) be the second derivative of d(a). Determine z(-4).
-1
Let o(g) = g**3 + 5*g**2 + 5*g - 3. Suppose -5*q + 7 = 3*j - 7*j, -11 = -q + 4*j. Let w = -5 - q. Determine o(w).
-7
Let w(x) = -x**2 - 7*x + 1. Let p = -3 + 2. Let o = p - 5. Give w(o).
7
Let x(c) = c**3 + 5*c**2 - 6*c - 7. Suppose 0 = 37*y - 36*y + 6. Determine x(y).
-7
Let h(u) = -u**3 - 6*u**2 - 6*u - 2. Suppose 67*q - 70*q = 15. What is h(q)?
3
Let a(c) = c + 5. Suppose -15 = -3*v, -2*l + 4*v - 33 = -5. Give 